{"id":304,"date":"2023-04-03T10:46:14","date_gmt":"2023-04-03T13:46:14","guid":{"rendered":"http:\/\/arqdigital.uni5.net\/franarq\/?post_type=portfolio&#038;p=304"},"modified":"2023-04-03T11:05:47","modified_gmt":"2023-04-03T14:05:47","slug":"residencial-es","status":"publish","type":"portfolio","link":"https:\/\/franarquitetura.com.br\/index.php\/portfolio\/residencial-es\/","title":{"rendered":"Residencial ES"},"content":{"rendered":"\t\t<div data-elementor-type=\"wp-post\" data-elementor-id=\"304\" class=\"elementor elementor-304\">\n\t\t\t\t\t\t<div class=\"elementor-section elementor-top-section elementor-element elementor-element-de34378 elementor-section-boxed elementor-section-height-default elementor-section-height-default\" data-id=\"de34378\" data-element_type=\"section\" data-e-type=\"section\">\n\t\t\t\t\t\t<div class=\"elementor-container elementor-column-gap-default\">\n\t\t\t\t\t<div class=\"elementor-column elementor-col-100 elementor-top-column elementor-element elementor-element-560aeda\" data-id=\"560aeda\" data-element_type=\"column\" data-e-type=\"column\">\n\t\t\t<div class=\"elementor-widget-wrap elementor-element-populated\">\n\t\t\t\t\t\t<div class=\"elementor-element elementor-element-73bbc7f elementor-widget__width-initial elementor-widget-mobile__width-inherit elementor-widget elementor-widget-heading\" data-id=\"73bbc7f\" data-element_type=\"widget\" data-e-type=\"widget\" data-widget_type=\"heading.default\">\n\t\t\t\t<div class=\"elementor-widget-container\">\n\t\t\t\t\t<h1 class=\"elementor-heading-title elementor-size-default\">Residencial ES<\/h1>\t\t\t\t<\/div>\n\t\t\t\t<\/div>\n\t\t\t\t<div class=\"elementor-element elementor-element-89ed92b elementor-widget elementor-widget-text-editor\" data-id=\"89ed92b\" data-element_type=\"widget\" data-e-type=\"widget\" data-widget_type=\"text-editor.default\">\n\t\t\t\t<div class=\"elementor-widget-container\">\n\t\t\t\t\t\t\t\t\tNeste projeto podemos perceber que mesmo optando por uma casa t\u00e9rrea conseguimos trazer impon\u00eancia na fachada atrav\u00e9s de elementos arquitet\u00f4nicos. Utilizamos na fachada acabamentos e revestimentos que remetem modernidade e sofistica\u00e7\u00e3o, como por exemplo a madeira, esquadrias pretas e volumes cont\u00ednuos que somados d\u00e3o particularidade a essa constru\u00e7\u00e3o. \n\n\t\t\t\t\t\t\t\t<\/div>\n\t\t\t\t<\/div>\n\t\t\t\t<div class=\"elementor-element elementor-element-76e3a95 elementor-widget elementor-widget-gallery\" data-id=\"76e3a95\" data-element_type=\"widget\" data-e-type=\"widget\" data-settings=\"{&quot;gallery_layout&quot;:&quot;masonry&quot;,&quot;columns&quot;:3,&quot;lazyload&quot;:&quot;yes&quot;,&quot;columns_tablet&quot;:2,&quot;columns_mobile&quot;:1,&quot;gap&quot;:{&quot;unit&quot;:&quot;px&quot;,&quot;size&quot;:10,&quot;sizes&quot;:[]},&quot;gap_tablet&quot;:{&quot;unit&quot;:&quot;px&quot;,&quot;size&quot;:10,&quot;sizes&quot;:[]},&quot;gap_mobile&quot;:{&quot;unit&quot;:&quot;px&quot;,&quot;size&quot;:10,&quot;sizes&quot;:[]},&quot;link_to&quot;:&quot;file&quot;,&quot;overlay_background&quot;:&quot;yes&quot;,&quot;content_hover_animation&quot;:&quot;fade-in&quot;}\" data-widget_type=\"gallery.default\">\n\t\t\t\t<div class=\"elementor-widget-container\">\n\t\t\t\t\t\t\t<div class=\"elementor-gallery__container\">\n\t\t\t\t\t\t\t<a class=\"e-gallery-item elementor-gallery-item elementor-animated-content\" href=\"https:\/\/franarquitetura.com.br\/wp-content\/uploads\/2023\/04\/02.png\" data-elementor-open-lightbox=\"yes\" data-elementor-lightbox-slideshow=\"all-76e3a95\" data-elementor-lightbox-title=\"02\" data-e-action-hash=\"#elementor-action%3Aaction%3Dlightbox%26settings%3DeyJpZCI6MzA3LCJ1cmwiOiJodHRwczpcL1wvZnJhbmFycXVpdGV0dXJhLmNvbS5iclwvd3AtY29udGVudFwvdXBsb2Fkc1wvMjAyM1wvMDRcLzAyLnBuZyIsInNsaWRlc2hvdyI6ImFsbC03NmUzYTk1In0%3D\">\n\t\t\t\t\t<div class=\"e-gallery-image elementor-gallery-item__image\" data-thumbnail=\"https:\/\/franarquitetura.com.br\/wp-content\/uploads\/2023\/04\/02.png\" data-width=\"800\" data-height=\"450\" alt=\"\" ><\/div>\n\t\t\t\t\t\t\t\t\t\t\t<div class=\"elementor-gallery-item__overlay\"><\/div>\n\t\t\t\t\t\t\t\t\t\t\t\t\t\t<\/a>\n\t\t\t\t\t\t\t<a class=\"e-gallery-item elementor-gallery-item elementor-animated-content\" href=\"https:\/\/franarquitetura.com.br\/wp-content\/uploads\/2023\/04\/01-1-1-1.png\" data-elementor-open-lightbox=\"yes\" data-elementor-lightbox-slideshow=\"all-76e3a95\" data-elementor-lightbox-title=\"01-1-1\" data-e-action-hash=\"#elementor-action%3Aaction%3Dlightbox%26settings%3DeyJpZCI6MzA4LCJ1cmwiOiJodHRwczpcL1wvZnJhbmFycXVpdGV0dXJhLmNvbS5iclwvd3AtY29udGVudFwvdXBsb2Fkc1wvMjAyM1wvMDRcLzAxLTEtMS0xLnBuZyIsInNsaWRlc2hvdyI6ImFsbC03NmUzYTk1In0%3D\">\n\t\t\t\t\t<div class=\"e-gallery-image elementor-gallery-item__image\" data-thumbnail=\"https:\/\/franarquitetura.com.br\/wp-content\/uploads\/2023\/04\/01-1-1-1.png\" data-width=\"800\" data-height=\"450\" alt=\"\" ><\/div>\n\t\t\t\t\t\t\t\t\t\t\t<div class=\"elementor-gallery-item__overlay\"><\/div>\n\t\t\t\t\t\t\t\t\t\t\t\t\t\t<\/a>\n\t\t\t\t\t\t\t<a class=\"e-gallery-item elementor-gallery-item elementor-animated-content\" href=\"https:\/\/franarquitetura.com.br\/wp-content\/uploads\/2023\/04\/03.png\" data-elementor-open-lightbox=\"yes\" data-elementor-lightbox-slideshow=\"all-76e3a95\" data-elementor-lightbox-title=\"03\" data-e-action-hash=\"#elementor-action%3Aaction%3Dlightbox%26settings%3DeyJpZCI6MzA5LCJ1cmwiOiJodHRwczpcL1wvZnJhbmFycXVpdGV0dXJhLmNvbS5iclwvd3AtY29udGVudFwvdXBsb2Fkc1wvMjAyM1wvMDRcLzAzLnBuZyIsInNsaWRlc2hvdyI6ImFsbC03NmUzYTk1In0%3D\">\n\t\t\t\t\t<div class=\"e-gallery-image elementor-gallery-item__image\" data-thumbnail=\"https:\/\/franarquitetura.com.br\/wp-content\/uploads\/2023\/04\/03.png\" data-width=\"800\" data-height=\"450\" alt=\"\" ><\/div>\n\t\t\t\t\t\t\t\t\t\t\t<div class=\"elementor-gallery-item__overlay\"><\/div>\n\t\t\t\t\t\t\t\t\t\t\t\t\t\t<\/a>\n\t\t\t\t\t<\/div>\n\t\t\t\t\t<\/div>\n\t\t\t\t<\/div>\n\t\t\t\t<div class=\"elementor-element elementor-element-d014c7e elementor-widget elementor-widget-spacer\" data-id=\"d014c7e\" data-element_type=\"widget\" data-e-type=\"widget\" data-widget_type=\"spacer.default\">\n\t\t\t\t<div class=\"elementor-widget-container\">\n\t\t\t\t\t\t\t<div class=\"elementor-spacer\">\n\t\t\t<div class=\"elementor-spacer-inner\"><\/div>\n\t\t<\/div>\n\t\t\t\t\t\t<\/div>\n\t\t\t\t<\/div>\n\t\t\t\t\t<\/div>\n\t\t<\/div>\n\t\t\t\t\t<\/div>\n\t\t<\/div>\n\t\t\t\t<\/div>\n\t\t","protected":false},"excerpt":{"rendered":"<p>Residencial ES Neste projeto podemos perceber que mesmo optando por uma casa t\u00e9rrea conseguimos trazer impon\u00eancia na fachada atrav\u00e9s de elementos arquitet\u00f4nicos. [&hellip;]<\/p>\n","protected":false},"author":1,"featured_media":305,"menu_order":0,"comment_status":"open","ping_status":"closed","template":"","meta":{"footnotes":""},"portfolio_category":[5],"class_list":["post-304","portfolio","type-portfolio","status-publish","has-post-thumbnail","hentry","portfolio_category-unifamiliar"],"_links":{"self":[{"href":"https:\/\/franarquitetura.com.br\/index.php\/wp-json\/wp\/v2\/portfolio\/304","targetHints":{"allow":["GET"]}}],"collection":[{"href":"https:\/\/franarquitetura.com.br\/index.php\/wp-json\/wp\/v2\/portfolio"}],"about":[{"href":"https:\/\/franarquitetura.com.br\/index.php\/wp-json\/wp\/v2\/types\/portfolio"}],"author":[{"embeddable":true,"href":"https:\/\/franarquitetura.com.br\/index.php\/wp-json\/wp\/v2\/users\/1"}],"replies":[{"embeddable":true,"href":"https:\/\/franarquitetura.com.br\/index.php\/wp-json\/wp\/v2\/comments?post=304"}],"version-history":[{"count":5,"href":"https:\/\/franarquitetura.com.br\/index.php\/wp-json\/wp\/v2\/portfolio\/304\/revisions"}],"predecessor-version":[{"id":315,"href":"https:\/\/franarquitetura.com.br\/index.php\/wp-json\/wp\/v2\/portfolio\/304\/revisions\/315"}],"wp:featuredmedia":[{"embeddable":true,"href":"https:\/\/franarquitetura.com.br\/index.php\/wp-json\/wp\/v2\/media\/305"}],"wp:attachment":[{"href":"https:\/\/franarquitetura.com.br\/index.php\/wp-json\/wp\/v2\/media?parent=304"}],"wp:term":[{"taxonomy":"portfolio_category","embeddable":true,"href":"https:\/\/franarquitetura.com.br\/index.php\/wp-json\/wp\/v2\/portfolio_category?post=304"}],"curies":[{"name":"wp","href":"https:\/\/api.w.org\/{rel}","templated":true}]}}

<div data-elementor-type="wp-post" data-elementor-id="304" class="elementor elementor-304">
						<div class="elementor-section elementor-top-section elementor-element elementor-element-de34378 elementor-section-boxed elementor-section-height-default elementor-section-height-default" data-id="de34378" data-element_type="section" data-e-type="section">
						<div class="elementor-container elementor-column-gap-default">
					<div class="elementor-column elementor-col-100 elementor-top-column elementor-element elementor-element-560aeda" data-id="560aeda" data-element_type="column" data-e-type="column">
			<div class="elementor-widget-wrap elementor-element-populated">
						<div class="elementor-element elementor-element-73bbc7f elementor-widget__width-initial elementor-widget-mobile__width-inherit elementor-widget elementor-widget-heading" data-id="73bbc7f" data-element_type="widget" data-e-type="widget" data-widget_type="heading.default">
				<div class="elementor-widget-container">
					<h1 class="elementor-heading-title elementor-size-default">Residencial ES</h1>				</div>
				</div>
				<div class="elementor-element elementor-element-89ed92b elementor-widget elementor-widget-text-editor" data-id="89ed92b" data-element_type="widget" data-e-type="widget" data-widget_type="text-editor.default">
				<div class="elementor-widget-container">
									Neste projeto podemos perceber que mesmo optando por uma casa térrea conseguimos trazer imponência na fachada através de elementos arquitetônicos. Utilizamos na fachada acabamentos e revestimentos que remetem modernidade e sofisticação, como por exemplo a madeira, esquadrias pretas e volumes contínuos que somados dão particularidade a essa construção. 

								</div>
				</div>
				<div class="elementor-element elementor-element-76e3a95 elementor-widget elementor-widget-gallery" data-id="76e3a95" data-element_type="widget" data-e-type="widget" data-settings="{&quot;gallery_layout&quot;:&quot;masonry&quot;,&quot;columns&quot;:3,&quot;lazyload&quot;:&quot;yes&quot;,&quot;columns_tablet&quot;:2,&quot;columns_mobile&quot;:1,&quot;gap&quot;:{&quot;unit&quot;:&quot;px&quot;,&quot;size&quot;:10,&quot;sizes&quot;:[]},&quot;gap_tablet&quot;:{&quot;unit&quot;:&quot;px&quot;,&quot;size&quot;:10,&quot;sizes&quot;:[]},&quot;gap_mobile&quot;:{&quot;unit&quot;:&quot;px&quot;,&quot;size&quot;:10,&quot;sizes&quot;:[]},&quot;link_to&quot;:&quot;file&quot;,&quot;overlay_background&quot;:&quot;yes&quot;,&quot;content_hover_animation&quot;:&quot;fade-in&quot;}" data-widget_type="gallery.default">
				<div class="elementor-widget-container">
							<div class="elementor-gallery__container">
							<a class="e-gallery-item elementor-gallery-item elementor-animated-content" href="https://franarquitetura.com.br/wp-content/uploads/2023/04/02.png" data-elementor-open-lightbox="yes" data-elementor-lightbox-slideshow="all-76e3a95" data-elementor-lightbox-title="02" data-e-action-hash="#elementor-action%3Aaction%3Dlightbox%26settings%3DeyJpZCI6MzA3LCJ1cmwiOiJodHRwczpcL1wvZnJhbmFycXVpdGV0dXJhLmNvbS5iclwvd3AtY29udGVudFwvdXBsb2Fkc1wvMjAyM1wvMDRcLzAyLnBuZyIsInNsaWRlc2hvdyI6ImFsbC03NmUzYTk1In0%3D">
					<div class="e-gallery-image elementor-gallery-item__image" data-thumbnail="https://franarquitetura.com.br/wp-content/uploads/2023/04/02.png" data-width="800" data-height="450" alt="" ></div>
											<div class="elementor-gallery-item__overlay"></div>
														</a>
							<a class="e-gallery-item elementor-gallery-item elementor-animated-content" href="https://franarquitetura.com.br/wp-content/uploads/2023/04/01-1-1-1.png" data-elementor-open-lightbox="yes" data-elementor-lightbox-slideshow="all-76e3a95" data-elementor-lightbox-title="01-1-1" data-e-action-hash="#elementor-action%3Aaction%3Dlightbox%26settings%3DeyJpZCI6MzA4LCJ1cmwiOiJodHRwczpcL1wvZnJhbmFycXVpdGV0dXJhLmNvbS5iclwvd3AtY29udGVudFwvdXBsb2Fkc1wvMjAyM1wvMDRcLzAxLTEtMS0xLnBuZyIsInNsaWRlc2hvdyI6ImFsbC03NmUzYTk1In0%3D">
					<div class="e-gallery-image elementor-gallery-item__image" data-thumbnail="https://franarquitetura.com.br/wp-content/uploads/2023/04/01-1-1-1.png" data-width="800" data-height="450" alt="" ></div>
											<div class="elementor-gallery-item__overlay"></div>
														</a>
							<a class="e-gallery-item elementor-gallery-item elementor-animated-content" href="https://franarquitetura.com.br/wp-content/uploads/2023/04/03.png" data-elementor-open-lightbox="yes" data-elementor-lightbox-slideshow="all-76e3a95" data-elementor-lightbox-title="03" data-e-action-hash="#elementor-action%3Aaction%3Dlightbox%26settings%3DeyJpZCI6MzA5LCJ1cmwiOiJodHRwczpcL1wvZnJhbmFycXVpdGV0dXJhLmNvbS5iclwvd3AtY29udGVudFwvdXBsb2Fkc1wvMjAyM1wvMDRcLzAzLnBuZyIsInNsaWRlc2hvdyI6ImFsbC03NmUzYTk1In0%3D">
					<div class="e-gallery-image elementor-gallery-item__image" data-thumbnail="https://franarquitetura.com.br/wp-content/uploads/2023/04/03.png" data-width="800" data-height="450" alt="" ></div>
											<div class="elementor-gallery-item__overlay"></div>
														</a>
					</div>
					</div>
				</div>
				<div class="elementor-element elementor-element-d014c7e elementor-widget elementor-widget-spacer" data-id="d014c7e" data-element_type="widget" data-e-type="widget" data-widget_type="spacer.default">
				<div class="elementor-widget-container">
							<div class="elementor-spacer">
			<div class="elementor-spacer-inner"></div>
		</div>
						</div>
				</div>
					</div>
		</div>
					</div>
		</div>
				</div>

<p>Residencial ES Neste projeto podemos perceber que mesmo optando por uma casa térrea conseguimos trazer imponência na fachada através de elementos arquitetônicos. [&hellip;]</p>
