{"id":562,"date":"2023-04-18T16:21:23","date_gmt":"2023-04-18T19:21:23","guid":{"rendered":"http:\/\/arqdigital.uni5.net\/franarq\/?post_type=portfolio&#038;p=562"},"modified":"2023-04-18T16:37:44","modified_gmt":"2023-04-18T19:37:44","slug":"residencial-privilege","status":"publish","type":"portfolio","link":"https:\/\/franarquitetura.com.br\/index.php\/portfolio\/residencial-privilege\/","title":{"rendered":"Residencial Privil\u00e9ge"},"content":{"rendered":"\t\t<div data-elementor-type=\"wp-post\" data-elementor-id=\"562\" class=\"elementor elementor-562\">\n\t\t\t\t\t\t<div class=\"elementor-section elementor-top-section elementor-element elementor-element-de34378 elementor-section-boxed elementor-section-height-default elementor-section-height-default\" data-id=\"de34378\" data-element_type=\"section\" data-e-type=\"section\">\n\t\t\t\t\t\t<div class=\"elementor-container elementor-column-gap-default\">\n\t\t\t\t\t<div class=\"elementor-column elementor-col-100 elementor-top-column elementor-element elementor-element-560aeda\" data-id=\"560aeda\" data-element_type=\"column\" data-e-type=\"column\">\n\t\t\t<div class=\"elementor-widget-wrap elementor-element-populated\">\n\t\t\t\t\t\t<div class=\"elementor-element elementor-element-73bbc7f elementor-widget__width-initial elementor-widget-mobile__width-inherit elementor-widget elementor-widget-heading\" data-id=\"73bbc7f\" data-element_type=\"widget\" data-e-type=\"widget\" data-widget_type=\"heading.default\">\n\t\t\t\t<div class=\"elementor-widget-container\">\n\t\t\t\t\t<h1 class=\"elementor-heading-title elementor-size-default\">Residencial Privil\u00e8ge<\/h1>\t\t\t\t<\/div>\n\t\t\t\t<\/div>\n\t\t\t\t<div class=\"elementor-element elementor-element-89ed92b elementor-widget elementor-widget-text-editor\" data-id=\"89ed92b\" data-element_type=\"widget\" data-e-type=\"widget\" data-widget_type=\"text-editor.default\">\n\t\t\t\t<div class=\"elementor-widget-container\">\n\t\t\t\t\t\t\t\t\tProjeto residencial unifamiliar localizado em um condom\u00ednio fechado em Blumenau\/SC. Nosso objetivo foi usar tons mais claros nos revestimentos e nas cores de tintas, mas trazer a sofistica\u00e7\u00e3o com as esquadrias pretas. Por ser um condom\u00ednio fechado, existem regras a se seguir na hora de iniciar o projeto. Por exemplo, neste condom\u00ednio n\u00e3o \u00e9 permitido o muro frontal nas casas pois n\u00e3o a necessidade devido a seguran\u00e7a refor\u00e7ada que o condom\u00ednio cont\u00e9m. \n\n\t\t\t\t\t\t\t\t<\/div>\n\t\t\t\t<\/div>\n\t\t\t\t<div class=\"elementor-element elementor-element-76e3a95 elementor-widget elementor-widget-gallery\" data-id=\"76e3a95\" data-element_type=\"widget\" data-e-type=\"widget\" data-settings=\"{&quot;gallery_layout&quot;:&quot;masonry&quot;,&quot;columns&quot;:2,&quot;lazyload&quot;:&quot;yes&quot;,&quot;columns_tablet&quot;:2,&quot;columns_mobile&quot;:1,&quot;gap&quot;:{&quot;unit&quot;:&quot;px&quot;,&quot;size&quot;:10,&quot;sizes&quot;:[]},&quot;gap_tablet&quot;:{&quot;unit&quot;:&quot;px&quot;,&quot;size&quot;:10,&quot;sizes&quot;:[]},&quot;gap_mobile&quot;:{&quot;unit&quot;:&quot;px&quot;,&quot;size&quot;:10,&quot;sizes&quot;:[]},&quot;link_to&quot;:&quot;file&quot;,&quot;overlay_background&quot;:&quot;yes&quot;,&quot;content_hover_animation&quot;:&quot;fade-in&quot;}\" data-widget_type=\"gallery.default\">\n\t\t\t\t<div class=\"elementor-widget-container\">\n\t\t\t\t\t\t\t<div class=\"elementor-gallery__container\">\n\t\t\t\t\t\t\t<a class=\"e-gallery-item elementor-gallery-item elementor-animated-content\" href=\"https:\/\/franarquitetura.com.br\/wp-content\/uploads\/2023\/04\/02-18-1-scaled.jpg\" data-elementor-open-lightbox=\"yes\" data-elementor-lightbox-slideshow=\"all-76e3a95\" data-elementor-lightbox-title=\"02-18\" data-e-action-hash=\"#elementor-action%3Aaction%3Dlightbox%26settings%3DeyJpZCI6NTY4LCJ1cmwiOiJodHRwczpcL1wvZnJhbmFycXVpdGV0dXJhLmNvbS5iclwvd3AtY29udGVudFwvdXBsb2Fkc1wvMjAyM1wvMDRcLzAyLTE4LTEtc2NhbGVkLmpwZyIsInNsaWRlc2hvdyI6ImFsbC03NmUzYTk1In0%3D\">\n\t\t\t\t\t<div class=\"e-gallery-image elementor-gallery-item__image\" data-thumbnail=\"https:\/\/franarquitetura.com.br\/wp-content\/uploads\/2023\/04\/02-18-1-scaled.jpg\" data-width=\"2560\" data-height=\"1440\" alt=\"\" ><\/div>\n\t\t\t\t\t\t\t\t\t\t\t<div class=\"elementor-gallery-item__overlay\"><\/div>\n\t\t\t\t\t\t\t\t\t\t\t\t\t\t<\/a>\n\t\t\t\t\t\t\t<a class=\"e-gallery-item elementor-gallery-item elementor-animated-content\" href=\"https:\/\/franarquitetura.com.br\/wp-content\/uploads\/2023\/04\/01-17-scaled.jpg\" data-elementor-open-lightbox=\"yes\" data-elementor-lightbox-slideshow=\"all-76e3a95\" data-elementor-lightbox-title=\"01-17\" data-e-action-hash=\"#elementor-action%3Aaction%3Dlightbox%26settings%3DeyJpZCI6NTY5LCJ1cmwiOiJodHRwczpcL1wvZnJhbmFycXVpdGV0dXJhLmNvbS5iclwvd3AtY29udGVudFwvdXBsb2Fkc1wvMjAyM1wvMDRcLzAxLTE3LXNjYWxlZC5qcGciLCJzbGlkZXNob3ciOiJhbGwtNzZlM2E5NSJ9\">\n\t\t\t\t\t<div class=\"e-gallery-image elementor-gallery-item__image\" data-thumbnail=\"https:\/\/franarquitetura.com.br\/wp-content\/uploads\/2023\/04\/01-17-scaled.jpg\" data-width=\"2560\" data-height=\"1440\" alt=\"\" ><\/div>\n\t\t\t\t\t\t\t\t\t\t\t<div class=\"elementor-gallery-item__overlay\"><\/div>\n\t\t\t\t\t\t\t\t\t\t\t\t\t\t<\/a>\n\t\t\t\t\t\t\t<a class=\"e-gallery-item elementor-gallery-item elementor-animated-content\" href=\"https:\/\/franarquitetura.com.br\/wp-content\/uploads\/2023\/04\/04-13-scaled.jpg\" data-elementor-open-lightbox=\"yes\" data-elementor-lightbox-slideshow=\"all-76e3a95\" data-elementor-lightbox-title=\"04-13\" data-e-action-hash=\"#elementor-action%3Aaction%3Dlightbox%26settings%3DeyJpZCI6NTcwLCJ1cmwiOiJodHRwczpcL1wvZnJhbmFycXVpdGV0dXJhLmNvbS5iclwvd3AtY29udGVudFwvdXBsb2Fkc1wvMjAyM1wvMDRcLzA0LTEzLXNjYWxlZC5qcGciLCJzbGlkZXNob3ciOiJhbGwtNzZlM2E5NSJ9\">\n\t\t\t\t\t<div class=\"e-gallery-image elementor-gallery-item__image\" data-thumbnail=\"https:\/\/franarquitetura.com.br\/wp-content\/uploads\/2023\/04\/04-13-scaled.jpg\" data-width=\"2560\" data-height=\"1440\" alt=\"\" ><\/div>\n\t\t\t\t\t\t\t\t\t\t\t<div class=\"elementor-gallery-item__overlay\"><\/div>\n\t\t\t\t\t\t\t\t\t\t\t\t\t\t<\/a>\n\t\t\t\t\t\t\t<a class=\"e-gallery-item elementor-gallery-item elementor-animated-content\" href=\"https:\/\/franarquitetura.com.br\/wp-content\/uploads\/2023\/04\/03-17-scaled.jpg\" data-elementor-open-lightbox=\"yes\" data-elementor-lightbox-slideshow=\"all-76e3a95\" data-elementor-lightbox-title=\"03-17\" data-e-action-hash=\"#elementor-action%3Aaction%3Dlightbox%26settings%3DeyJpZCI6NTcxLCJ1cmwiOiJodHRwczpcL1wvZnJhbmFycXVpdGV0dXJhLmNvbS5iclwvd3AtY29udGVudFwvdXBsb2Fkc1wvMjAyM1wvMDRcLzAzLTE3LXNjYWxlZC5qcGciLCJzbGlkZXNob3ciOiJhbGwtNzZlM2E5NSJ9\">\n\t\t\t\t\t<div class=\"e-gallery-image elementor-gallery-item__image\" data-thumbnail=\"https:\/\/franarquitetura.com.br\/wp-content\/uploads\/2023\/04\/03-17-scaled.jpg\" data-width=\"2560\" data-height=\"1440\" alt=\"\" ><\/div>\n\t\t\t\t\t\t\t\t\t\t\t<div class=\"elementor-gallery-item__overlay\"><\/div>\n\t\t\t\t\t\t\t\t\t\t\t\t\t\t<\/a>\n\t\t\t\t\t<\/div>\n\t\t\t\t\t<\/div>\n\t\t\t\t<\/div>\n\t\t\t\t<div class=\"elementor-element elementor-element-d014c7e elementor-widget elementor-widget-spacer\" data-id=\"d014c7e\" data-element_type=\"widget\" data-e-type=\"widget\" data-widget_type=\"spacer.default\">\n\t\t\t\t<div class=\"elementor-widget-container\">\n\t\t\t\t\t\t\t<div class=\"elementor-spacer\">\n\t\t\t<div class=\"elementor-spacer-inner\"><\/div>\n\t\t<\/div>\n\t\t\t\t\t\t<\/div>\n\t\t\t\t<\/div>\n\t\t\t\t\t<\/div>\n\t\t<\/div>\n\t\t\t\t\t<\/div>\n\t\t<\/div>\n\t\t\t\t<\/div>\n\t\t","protected":false},"excerpt":{"rendered":"<p>Residencial Privil\u00e8ge Projeto residencial unifamiliar localizado em um condom\u00ednio fechado em Blumenau\/SC. Nosso objetivo foi usar tons mais claros nos revestimentos e [&hellip;]<\/p>\n","protected":false},"author":1,"featured_media":563,"menu_order":0,"comment_status":"open","ping_status":"closed","template":"","meta":{"footnotes":""},"portfolio_category":[5],"class_list":["post-562","portfolio","type-portfolio","status-publish","has-post-thumbnail","hentry","portfolio_category-unifamiliar"],"_links":{"self":[{"href":"https:\/\/franarquitetura.com.br\/index.php\/wp-json\/wp\/v2\/portfolio\/562","targetHints":{"allow":["GET"]}}],"collection":[{"href":"https:\/\/franarquitetura.com.br\/index.php\/wp-json\/wp\/v2\/portfolio"}],"about":[{"href":"https:\/\/franarquitetura.com.br\/index.php\/wp-json\/wp\/v2\/types\/portfolio"}],"author":[{"embeddable":true,"href":"https:\/\/franarquitetura.com.br\/index.php\/wp-json\/wp\/v2\/users\/1"}],"replies":[{"embeddable":true,"href":"https:\/\/franarquitetura.com.br\/index.php\/wp-json\/wp\/v2\/comments?post=562"}],"version-history":[{"count":10,"href":"https:\/\/franarquitetura.com.br\/index.php\/wp-json\/wp\/v2\/portfolio\/562\/revisions"}],"predecessor-version":[{"id":577,"href":"https:\/\/franarquitetura.com.br\/index.php\/wp-json\/wp\/v2\/portfolio\/562\/revisions\/577"}],"wp:featuredmedia":[{"embeddable":true,"href":"https:\/\/franarquitetura.com.br\/index.php\/wp-json\/wp\/v2\/media\/563"}],"wp:attachment":[{"href":"https:\/\/franarquitetura.com.br\/index.php\/wp-json\/wp\/v2\/media?parent=562"}],"wp:term":[{"taxonomy":"portfolio_category","embeddable":true,"href":"https:\/\/franarquitetura.com.br\/index.php\/wp-json\/wp\/v2\/portfolio_category?post=562"}],"curies":[{"name":"wp","href":"https:\/\/api.w.org\/{rel}","templated":true}]}}

Residencial Privilége

<div data-elementor-type="wp-post" data-elementor-id="562" class="elementor elementor-562">
						<div class="elementor-section elementor-top-section elementor-element elementor-element-de34378 elementor-section-boxed elementor-section-height-default elementor-section-height-default" data-id="de34378" data-element_type="section" data-e-type="section">
						<div class="elementor-container elementor-column-gap-default">
					<div class="elementor-column elementor-col-100 elementor-top-column elementor-element elementor-element-560aeda" data-id="560aeda" data-element_type="column" data-e-type="column">
			<div class="elementor-widget-wrap elementor-element-populated">
						<div class="elementor-element elementor-element-73bbc7f elementor-widget__width-initial elementor-widget-mobile__width-inherit elementor-widget elementor-widget-heading" data-id="73bbc7f" data-element_type="widget" data-e-type="widget" data-widget_type="heading.default">
				<div class="elementor-widget-container">
					<h1 class="elementor-heading-title elementor-size-default">Residencial Privilège</h1>				</div>
				</div>
				<div class="elementor-element elementor-element-89ed92b elementor-widget elementor-widget-text-editor" data-id="89ed92b" data-element_type="widget" data-e-type="widget" data-widget_type="text-editor.default">
				<div class="elementor-widget-container">
									Projeto residencial unifamiliar localizado em um condomínio fechado em Blumenau/SC. Nosso objetivo foi usar tons mais claros nos revestimentos e nas cores de tintas, mas trazer a sofisticação com as esquadrias pretas. Por ser um condomínio fechado, existem regras a se seguir na hora de iniciar o projeto. Por exemplo, neste condomínio não é permitido o muro frontal nas casas pois não a necessidade devido a segurança reforçada que o condomínio contém. 

								</div>
				</div>
				<div class="elementor-element elementor-element-76e3a95 elementor-widget elementor-widget-gallery" data-id="76e3a95" data-element_type="widget" data-e-type="widget" data-settings="{&quot;gallery_layout&quot;:&quot;masonry&quot;,&quot;columns&quot;:2,&quot;lazyload&quot;:&quot;yes&quot;,&quot;columns_tablet&quot;:2,&quot;columns_mobile&quot;:1,&quot;gap&quot;:{&quot;unit&quot;:&quot;px&quot;,&quot;size&quot;:10,&quot;sizes&quot;:[]},&quot;gap_tablet&quot;:{&quot;unit&quot;:&quot;px&quot;,&quot;size&quot;:10,&quot;sizes&quot;:[]},&quot;gap_mobile&quot;:{&quot;unit&quot;:&quot;px&quot;,&quot;size&quot;:10,&quot;sizes&quot;:[]},&quot;link_to&quot;:&quot;file&quot;,&quot;overlay_background&quot;:&quot;yes&quot;,&quot;content_hover_animation&quot;:&quot;fade-in&quot;}" data-widget_type="gallery.default">
				<div class="elementor-widget-container">
							<div class="elementor-gallery__container">
							<a class="e-gallery-item elementor-gallery-item elementor-animated-content" href="https://franarquitetura.com.br/wp-content/uploads/2023/04/02-18-1-scaled.jpg" data-elementor-open-lightbox="yes" data-elementor-lightbox-slideshow="all-76e3a95" data-elementor-lightbox-title="02-18" data-e-action-hash="#elementor-action%3Aaction%3Dlightbox%26settings%3DeyJpZCI6NTY4LCJ1cmwiOiJodHRwczpcL1wvZnJhbmFycXVpdGV0dXJhLmNvbS5iclwvd3AtY29udGVudFwvdXBsb2Fkc1wvMjAyM1wvMDRcLzAyLTE4LTEtc2NhbGVkLmpwZyIsInNsaWRlc2hvdyI6ImFsbC03NmUzYTk1In0%3D">
					<div class="e-gallery-image elementor-gallery-item__image" data-thumbnail="https://franarquitetura.com.br/wp-content/uploads/2023/04/02-18-1-scaled.jpg" data-width="2560" data-height="1440" alt="" ></div>
											<div class="elementor-gallery-item__overlay"></div>
														</a>
							<a class="e-gallery-item elementor-gallery-item elementor-animated-content" href="https://franarquitetura.com.br/wp-content/uploads/2023/04/01-17-scaled.jpg" data-elementor-open-lightbox="yes" data-elementor-lightbox-slideshow="all-76e3a95" data-elementor-lightbox-title="01-17" data-e-action-hash="#elementor-action%3Aaction%3Dlightbox%26settings%3DeyJpZCI6NTY5LCJ1cmwiOiJodHRwczpcL1wvZnJhbmFycXVpdGV0dXJhLmNvbS5iclwvd3AtY29udGVudFwvdXBsb2Fkc1wvMjAyM1wvMDRcLzAxLTE3LXNjYWxlZC5qcGciLCJzbGlkZXNob3ciOiJhbGwtNzZlM2E5NSJ9">
					<div class="e-gallery-image elementor-gallery-item__image" data-thumbnail="https://franarquitetura.com.br/wp-content/uploads/2023/04/01-17-scaled.jpg" data-width="2560" data-height="1440" alt="" ></div>
											<div class="elementor-gallery-item__overlay"></div>
														</a>
							<a class="e-gallery-item elementor-gallery-item elementor-animated-content" href="https://franarquitetura.com.br/wp-content/uploads/2023/04/04-13-scaled.jpg" data-elementor-open-lightbox="yes" data-elementor-lightbox-slideshow="all-76e3a95" data-elementor-lightbox-title="04-13" data-e-action-hash="#elementor-action%3Aaction%3Dlightbox%26settings%3DeyJpZCI6NTcwLCJ1cmwiOiJodHRwczpcL1wvZnJhbmFycXVpdGV0dXJhLmNvbS5iclwvd3AtY29udGVudFwvdXBsb2Fkc1wvMjAyM1wvMDRcLzA0LTEzLXNjYWxlZC5qcGciLCJzbGlkZXNob3ciOiJhbGwtNzZlM2E5NSJ9">
					<div class="e-gallery-image elementor-gallery-item__image" data-thumbnail="https://franarquitetura.com.br/wp-content/uploads/2023/04/04-13-scaled.jpg" data-width="2560" data-height="1440" alt="" ></div>
											<div class="elementor-gallery-item__overlay"></div>
														</a>
							<a class="e-gallery-item elementor-gallery-item elementor-animated-content" href="https://franarquitetura.com.br/wp-content/uploads/2023/04/03-17-scaled.jpg" data-elementor-open-lightbox="yes" data-elementor-lightbox-slideshow="all-76e3a95" data-elementor-lightbox-title="03-17" data-e-action-hash="#elementor-action%3Aaction%3Dlightbox%26settings%3DeyJpZCI6NTcxLCJ1cmwiOiJodHRwczpcL1wvZnJhbmFycXVpdGV0dXJhLmNvbS5iclwvd3AtY29udGVudFwvdXBsb2Fkc1wvMjAyM1wvMDRcLzAzLTE3LXNjYWxlZC5qcGciLCJzbGlkZXNob3ciOiJhbGwtNzZlM2E5NSJ9">
					<div class="e-gallery-image elementor-gallery-item__image" data-thumbnail="https://franarquitetura.com.br/wp-content/uploads/2023/04/03-17-scaled.jpg" data-width="2560" data-height="1440" alt="" ></div>
											<div class="elementor-gallery-item__overlay"></div>
														</a>
					</div>
					</div>
				</div>
				<div class="elementor-element elementor-element-d014c7e elementor-widget elementor-widget-spacer" data-id="d014c7e" data-element_type="widget" data-e-type="widget" data-widget_type="spacer.default">
				<div class="elementor-widget-container">
							<div class="elementor-spacer">
			<div class="elementor-spacer-inner"></div>
		</div>
						</div>
				</div>
					</div>
		</div>
					</div>
		</div>
				</div>

<p>Residencial Privilège Projeto residencial unifamiliar localizado em um condomínio fechado em Blumenau/SC. Nosso objetivo foi usar tons mais claros nos revestimentos e [&hellip;]</p>
